{"id":21,"date":"2017-02-27T21:22:40","date_gmt":"2017-02-27T20:22:40","guid":{"rendered":"http:\/\/srv3:2184\/?page_id=21"},"modified":"2021-10-06T11:36:03","modified_gmt":"2021-10-06T09:36:03","slug":"concept","status":"publish","type":"page","link":"https:\/\/www.ccostat.fr\/","title":{"rendered":"Concept"},"content":{"rendered":"<p><strong>CCOStat4<\/strong>\u00a0est un <strong>g\u00e9n\u00e9rateur de mod\u00e8les param\u00e9triques personnalis\u00e9s<\/strong> \u00e0 chaque entreprise. L&rsquo;historique des r\u00e9alisations pass\u00e9es de son utilisateur est analys\u00e9 par un calcul de statistiques avanc\u00e9es multi-variables.\u00a0La meilleure formule adapt\u00e9e \u00e0 chaque situation rencontr\u00e9e au cas par cas est alors cr\u00e9\u00e9e. Des indicateurs statistiques permettant d\u2019\u00e9valuer la pertinence de la formule personnalis\u00e9e sont fournis afin de l\u2019utiliser en pr\u00e9visionnel. Cette formule devient alors exploitable pour r\u00e9aliser le calcul d\u2019un nouveau projet. Toute estimation est encadr\u00e9e par des valeurs statistiques minimum et maximum afin de tenir compte des al\u00e9as d\u00e9j\u00e0 rencontr\u00e9s par l\u2019utilisateur dans sa base de donn\u00e9es.<\/p>\n<p><strong>CCOStat4<\/strong> traite aussi bien des param\u00e8tres cardinaux (ex : une masse, un nombre de pi\u00e8ces \u2026 qui sont quantifiables) que des param\u00e8tres ordinaux non quantifiables en tant que tels mais dont la variation doit \u00eatre quantifi\u00e9e dans la r\u00e9ponse (ex : un type d\u2019organisation, une classe de qualit\u00e9, un fournisseur, un langage de software, une localisation g\u00e9ographique \u2026).<\/p>\n<p>De plus, <strong>CCOStat4<\/strong> reconnait les r\u00e9alisations pass\u00e9es contenues dans la base de donn\u00e9es de l\u2019utilisateur qui ne seraient pas coh\u00e9rents avec les autres, afin de ne pas risquer de biaiser les constructions de formules.<\/p>\n<p><strong>CCOStat4<\/strong> fournit des modules compl\u00e9mentaires permettant de normer des donn\u00e9es de co\u00fbts (2 g\u00e9n\u00e9rateurs de courbes d\u2019apprentissage pour la m\u00e9canique et l\u2019\u00e9lectronique, introduction des tailles de lots et des rangs de fabrication, calcul des effets de variations de cadence de production et de maintenance pr\u00e9ventive \u2026)<\/p>\n<p>Enfin, <strong>CCOStat4<\/strong> permet d\u2019agr\u00e9ger les co\u00fbts estim\u00e9s des produits afin de remonter au niveau des syst\u00e8mes qui les contiennent.<\/p>\n<p><strong>1\u00e8re \u00e9tape<\/strong> : <a href=\"http:\/\/www.ccostat.fr\/index.php\/recueil-des-donnees\/\">Recueil des donn\u00e9es<\/a><\/p>\n<p><strong>2\u00e8me \u00e9tape<\/strong> : <a href=\"http:\/\/www.ccostat.fr\/index.php\/generation-dun-modele\/\">G\u00e9n\u00e9ration du mod\u00e8le<\/a><\/p>\n<p><strong>3\u00e8me \u00e9tape<\/strong> : <a href=\"http:\/\/www.ccostat.fr\/index.php\/estimation\/\">Estimation d&rsquo;un nouveau projet<\/a><\/p>\n<p><a href=\"http:\/\/www.ccostat.fr\/wp-content\/uploads\/2021\/10\/demarrer-avec-CCOSTAT.mp4\">Vid\u00e9o de d\u00e9marrage (3mn)<\/a><\/p>\n","protected":false},"excerpt":{"rendered":"<p>CCOStat4\u00a0est un g\u00e9n\u00e9rateur de mod\u00e8les param\u00e9triques personnalis\u00e9s \u00e0 chaque entreprise. L&rsquo;historique des r\u00e9alisations pass\u00e9es de son utilisateur est analys\u00e9 par un calcul de statistiques avanc\u00e9es multi-variables.\u00a0La meilleure formule adapt\u00e9e \u00e0 chaque situation rencontr\u00e9e au cas par cas est alors cr\u00e9\u00e9e. &hellip; <a href=\"https:\/\/www.ccostat.fr\/\">Continuer la lecture <span class=\"meta-nav\">&rarr;<\/span><\/a><\/p>\n","protected":false},"author":1,"featured_media":0,"parent":0,"menu_order":0,"comment_status":"closed","ping_status":"closed","template":"","meta":[],"yoast_head":"<!-- This site is optimized with the Yoast SEO plugin v17.1 - https:\/\/yoast.com\/wordpress\/plugins\/seo\/ -->\n<title>CCOStat<\/title>\n<meta name=\"robots\" content=\"index, follow, max-snippet:-1, max-image-preview:large, max-video-preview:-1\" \/>\n<link rel=\"canonical\" href=\"http:\/\/www.ccostat.fr\/\" \/>\n<meta property=\"og:locale\" content=\"fr_FR\" \/>\n<meta property=\"og:type\" content=\"article\" \/>\n<meta property=\"og:title\" content=\"CCOStat\" \/>\n<meta property=\"og:description\" content=\"CCOStat4\u00a0est un g\u00e9n\u00e9rateur de mod\u00e8les param\u00e9triques personnalis\u00e9s \u00e0 chaque entreprise. L&rsquo;historique des r\u00e9alisations pass\u00e9es de son utilisateur est analys\u00e9 par un calcul de statistiques avanc\u00e9es multi-variables.\u00a0La meilleure formule adapt\u00e9e \u00e0 chaque situation rencontr\u00e9e au cas par cas est alors cr\u00e9\u00e9e. &hellip; Continuer la lecture &rarr;\" \/>\n<meta property=\"og:url\" content=\"http:\/\/www.ccostat.fr\/\" \/>\n<meta property=\"og:site_name\" content=\"CCOStat\" \/>\n<meta property=\"article:modified_time\" content=\"2021-10-06T09:36:03+00:00\" \/>\n<meta name=\"twitter:card\" content=\"summary\" \/>\n<meta name=\"twitter:label1\" content=\"Dur\u00e9e de lecture est.\" \/>\n\t<meta name=\"twitter:data1\" content=\"2 minutes\" \/>\n<script type=\"application\/ld+json\" class=\"yoast-schema-graph\">{\"@context\":\"https:\/\/schema.org\",\"@graph\":[{\"@type\":\"Organization\",\"@id\":\"http:\/\/www.ccostat.fr\/#organization\",\"name\":\"AXONE Industries\",\"url\":\"http:\/\/www.ccostat.fr\/\",\"sameAs\":[],\"logo\":{\"@type\":\"ImageObject\",\"@id\":\"http:\/\/www.ccostat.fr\/#logo\",\"inLanguage\":\"fr-FR\",\"url\":\"http:\/\/www.ccostat.fr\/wp-content\/uploads\/2017\/03\/axone.png\",\"contentUrl\":\"http:\/\/www.ccostat.fr\/wp-content\/uploads\/2017\/03\/axone.png\",\"width\":558,\"height\":390,\"caption\":\"AXONE Industries\"},\"image\":{\"@id\":\"http:\/\/www.ccostat.fr\/#logo\"}},{\"@type\":\"WebSite\",\"@id\":\"http:\/\/www.ccostat.fr\/#website\",\"url\":\"http:\/\/www.ccostat.fr\/\",\"name\":\"CCOStat\",\"description\":\"Logiciel d&#039;estimation de co\\u00fbts\",\"publisher\":{\"@id\":\"http:\/\/www.ccostat.fr\/#organization\"},\"potentialAction\":[{\"@type\":\"SearchAction\",\"target\":{\"@type\":\"EntryPoint\",\"urlTemplate\":\"http:\/\/www.ccostat.fr\/?s={search_term_string}\"},\"query-input\":\"required name=search_term_string\"}],\"inLanguage\":\"fr-FR\"},{\"@type\":\"WebPage\",\"@id\":\"http:\/\/www.ccostat.fr\/#webpage\",\"url\":\"http:\/\/www.ccostat.fr\/\",\"name\":\"CCOStat\",\"isPartOf\":{\"@id\":\"http:\/\/www.ccostat.fr\/#website\"},\"datePublished\":\"2017-02-27T20:22:40+00:00\",\"dateModified\":\"2021-10-06T09:36:03+00:00\",\"breadcrumb\":{\"@id\":\"http:\/\/www.ccostat.fr\/#breadcrumb\"},\"inLanguage\":\"fr-FR\",\"potentialAction\":[{\"@type\":\"ReadAction\",\"target\":[\"http:\/\/www.ccostat.fr\/\"]}]},{\"@type\":\"BreadcrumbList\",\"@id\":\"http:\/\/www.ccostat.fr\/#breadcrumb\",\"itemListElement\":[{\"@type\":\"ListItem\",\"position\":1,\"name\":\"Accueil\",\"item\":\"http:\/\/www.ccostat.fr\/\"},{\"@type\":\"ListItem\",\"position\":2,\"name\":\"Concept\"}]}]}<\/script>\n<!-- \/ Yoast SEO plugin. -->","yoast_head_json":{"title":"CCOStat","robots":{"index":"index","follow":"follow","max-snippet":"max-snippet:-1","max-image-preview":"max-image-preview:large","max-video-preview":"max-video-preview:-1"},"canonical":"http:\/\/www.ccostat.fr\/","og_locale":"fr_FR","og_type":"article","og_title":"CCOStat","og_description":"CCOStat4\u00a0est un g\u00e9n\u00e9rateur de mod\u00e8les param\u00e9triques personnalis\u00e9s \u00e0 chaque entreprise. L&rsquo;historique des r\u00e9alisations pass\u00e9es de son utilisateur est analys\u00e9 par un calcul de statistiques avanc\u00e9es multi-variables.\u00a0La meilleure formule adapt\u00e9e \u00e0 chaque situation rencontr\u00e9e au cas par cas est alors cr\u00e9\u00e9e. &hellip; Continuer la lecture &rarr;","og_url":"http:\/\/www.ccostat.fr\/","og_site_name":"CCOStat","article_modified_time":"2021-10-06T09:36:03+00:00","twitter_card":"summary","twitter_misc":{"Dur\u00e9e de lecture est.":"2 minutes"},"schema":{"@context":"https:\/\/schema.org","@graph":[{"@type":"Organization","@id":"http:\/\/www.ccostat.fr\/#organization","name":"AXONE Industries","url":"http:\/\/www.ccostat.fr\/","sameAs":[],"logo":{"@type":"ImageObject","@id":"http:\/\/www.ccostat.fr\/#logo","inLanguage":"fr-FR","url":"http:\/\/www.ccostat.fr\/wp-content\/uploads\/2017\/03\/axone.png","contentUrl":"http:\/\/www.ccostat.fr\/wp-content\/uploads\/2017\/03\/axone.png","width":558,"height":390,"caption":"AXONE Industries"},"image":{"@id":"http:\/\/www.ccostat.fr\/#logo"}},{"@type":"WebSite","@id":"http:\/\/www.ccostat.fr\/#website","url":"http:\/\/www.ccostat.fr\/","name":"CCOStat","description":"Logiciel d&#039;estimation de co\u00fbts","publisher":{"@id":"http:\/\/www.ccostat.fr\/#organization"},"potentialAction":[{"@type":"SearchAction","target":{"@type":"EntryPoint","urlTemplate":"http:\/\/www.ccostat.fr\/?s={search_term_string}"},"query-input":"required name=search_term_string"}],"inLanguage":"fr-FR"},{"@type":"WebPage","@id":"http:\/\/www.ccostat.fr\/#webpage","url":"http:\/\/www.ccostat.fr\/","name":"CCOStat","isPartOf":{"@id":"http:\/\/www.ccostat.fr\/#website"},"datePublished":"2017-02-27T20:22:40+00:00","dateModified":"2021-10-06T09:36:03+00:00","breadcrumb":{"@id":"http:\/\/www.ccostat.fr\/#breadcrumb"},"inLanguage":"fr-FR","potentialAction":[{"@type":"ReadAction","target":["http:\/\/www.ccostat.fr\/"]}]},{"@type":"BreadcrumbList","@id":"http:\/\/www.ccostat.fr\/#breadcrumb","itemListElement":[{"@type":"ListItem","position":1,"name":"Accueil","item":"http:\/\/www.ccostat.fr\/"},{"@type":"ListItem","position":2,"name":"Concept"}]}]}},"_links":{"self":[{"href":"https:\/\/www.ccostat.fr\/index.php\/wp-json\/wp\/v2\/pages\/21"}],"collection":[{"href":"https:\/\/www.ccostat.fr\/index.php\/wp-json\/wp\/v2\/pages"}],"about":[{"href":"https:\/\/www.ccostat.fr\/index.php\/wp-json\/wp\/v2\/types\/page"}],"author":[{"embeddable":true,"href":"https:\/\/www.ccostat.fr\/index.php\/wp-json\/wp\/v2\/users\/1"}],"replies":[{"embeddable":true,"href":"https:\/\/www.ccostat.fr\/index.php\/wp-json\/wp\/v2\/comments?post=21"}],"version-history":[{"count":13,"href":"https:\/\/www.ccostat.fr\/index.php\/wp-json\/wp\/v2\/pages\/21\/revisions"}],"predecessor-version":[{"id":198,"href":"https:\/\/www.ccostat.fr\/index.php\/wp-json\/wp\/v2\/pages\/21\/revisions\/198"}],"wp:attachment":[{"href":"https:\/\/www.ccostat.fr\/index.php\/wp-json\/wp\/v2\/media?parent=21"}],"curies":[{"name":"wp","href":"https:\/\/api.w.org\/{rel}","templated":true}]}}